= -o**2 - 81*o - 1423. Determine r(-55).
7
Let f(q) = -15*q**2 - 200*q + 34. Give f(-14).
-106
Let w(d) = d**3 + 34*d**2 + 199*d - 228. What is w(-9)?
6
Let q(l) = 36*l + 492. What is q(-14)?
-12
Let l(d) = d**2 + 7*d - 977. Calculate l(-35).
3
Let x(n) = -n**3 - 19*n**2 + 17*n + 50. What is x(-20)?
110
Let j(k) = -55*k - 12. Give j(-1).
43
Let q(b) = 8129*b - 16263. Give q(2).
-5
Let w(y) = -y**3 + 3*y**2 + 67*y + 20. Give w(10).
-10
Let l(b) = -14*b**2 + 9*b - 12. Determine l(4).
-200
Let o(f) = 76*f + 113. What is o(-9)?
-571
Let t(a) = 176*a + 1027. Calculate t(-6).
-29
Let h(o) = 63*o - 854. What is h(14)?
28
Let w(j) = j**3 - 99*j**2 + 972*j - 380. Calculate w(88).
-28
Let x(u) = 2*u**2 - 126*u + 5. Determine x(63).
5
Let s(y) = -12*y - 8. What is s(-5)?
52
Let l(p) = -p**3 + 2*p**2 + 12*p + 10. Calculate l(-2).
2
Let l(h) = 775*h - 10069. Calculate l(13).
6
Let c(y) = -331*y + 4633. What is c(14)?
-1
Let g(c) = c**2 - 229*c + 3011. What is g(14)?
1
Let q(h) = -2*h**2 - 225*h - 4494. Give q(-26).
4
Let m(a) = -416*a + 2853. Give m(8).
-475
Let j(l) = -9*l**2 + 64*l + 219. Give j(-4).
-181
Let a(j) = -j**2 + 1961*j + 7858. Determine a(-4).
-2
Let a(d) = 372*d - 743. What is a(2)?
1
Let d(x) = 2*x**3 - 12*x - 188. Determine d(0).
-188
Let d(b) = b**2 + 20*b + 126. What is d(-13)?
35
Let n(m) = -m**2 - 24*m - 143. What is n(-13)?
0
Let g(o) = -o**3 + 5*o**2 - 2899*o + 8685. Calculate g(3).
6
Let g(h) = -146*h - 3367. Give g(-23).
-9
Let q(o) = -o**3 + 14*o**2 - 18*o + 60. Give q(13).
-5
Let s(g) = -4*g**3 + 87*g**2 - 65*g + 28. Determine s(21).
-14
Let t(s) = -s**3 - 40*s**2 - 2*s - 79. Determine t(-40).
1
Let t(p) = -11*p**2 + 1226*p - 2927. What is t(109)?
16
Let p(z) = 13*z + 209. Calculate p(-16).
1
Let c(g) = -g**3 - 89*g**2 - 78*g + 652. Give c(-88).
-228
Let x(d) = -46*d**2 - 17*d + 2. Determine x(1).
-61
Let m(t) = -3*t**3 + 2*t**2 + 9*t - 1. What is m(-3)?
71
Let v(b) = -b**3 + 6*b**2 + 6*b - 17. Determine v(6).
19
Let j(a) = a**3 - 13*a**2 - 31*a + 49. What is j(15)?
34
Let s(m) = -m**2 + 148*m - 5494. Give s(78).
-34
Let c(t) = t**3 - 3*t**2 + 7*t - 61. Determine c(0).
-61
Let s(f) = f**3 + 18*f**2 + 30*f + 523. Determine s(-18).
-17
Let a(b) = 36*b - 760. Determine a(20).
-40
Let g(j) = -j**2 + 1119*j - 8882. Calculate g(8).
6
Let p(t) = t**3 - 15*t**2 + 32*t - 171. Determine p(12).
-219
Let p(s) = -344*s - 620. Determine p(-3).
412
Let a(s) = -117*s - 473. Determine a(-4).
-5
Let y(x) = -248*x**2 - 15*x + 1. Determine y(2).
-1021
Let b(q) = -2*q**2 - 354*q - 6544. Calculate b(-156).
8
Let c(r) = -63*r + 62. Calculate c(1).
-1
Let p(n) = -7*n + 25. Give p(0).
25
Let v(h) = 4*h**3 - 5*h**2 + 2*h - 10. Determine v(3).
59
Let u(m) = 5*m**3 - 308*m**2 + 186*m - 208. Give u(61).
-25
Let q(t) = -7*t - 254. Give q(-42).
40
Let d(v) = v**3 + 18*v**2 + 2*v + 35. Determine d(-18).
-1
Let d(o) = 2*o**2 + 27*o - 26. Calculate d(-9).
-107
Let z(a) = 196*a + 963. Calculate z(-5).
-17
Let i(f) = f**3 - 7*f**2 - 25*f + 201. What is i(8)?
65
Let g(m) = m**2 + 23*m - 14. Give g(-10).
-144
Let u(v) = -3*v**3 - 31*v**2 + 55*v + 643. Calculate u(-10).
-7
Let i(s) = 157*s**2 - 61*s - 60. What is i(-1)?
158
Let r(w) = w**3 + 4*w**2 - 10*w + 8. Calculate r(-5).
33
Let z(i) = i**2 + 42*i + 444. What is z(-17)?
19
Let a(s) = -2*s**3 - 53*s**2 - 155*s + 83. Give a(-23).
-55
Let r(b) = -46*b**2 - 1777*b + 666. Calculate r(-39).
3
Let w(b) = -b**2 + 10*b + 5. What is w(-7)?
-114
Let u(z) = z**3 - 15*z**2 + 36*z + 87. What is u(6)?
-21
Let s(x) = x**3 + 6*x**2 - 4*x + 61. Calculate s(-9).
-146
Let q(k) = -113*k**3 + 22*k**2 + 18*k - 3. Determine q(-1).
114
Let t(j) = -49*j + 1167. Calculate t(24).
-9
Let y(h) = -2*h**2 - 11*h + 21. What is y(-10)?
-69
Let h(p) = -181*p + 3185. Give h(17).
108
Let o(j) = -j**2 + 13*j + 379. Determine o(-17).
-131
Let m(l) = -l**3 + 5*l**2 - 4*l + 15. What is m(5)?
-5
Let y(p) = p**3 + 4*p**2 - 41*p + 21. What is y(0)?
21
Let a(y) = -92*y**2 + 4*y + 5. Determine a(-1).
-91
Let m(o) = -20*o**2 + 6685*o - 1674. What is m(334)?
-4
Let c(r) = -19*r - 616. What is c(-33)?
11
Let l(b) = 9*b**2 + 29*b - 25. Give l(1).
13
Let z(d) = -103*d + 4937. What is z(48)?
-7
Let z(u) = -107*u + 1417. Give z(14).
-81
Let j(x) = 12*x - 271. Calculate j(26).
41
Let b(o) = -o**2 - o + 9. Calculate b(4).
-11
Let p(t) = 60*t + 1794. Calculate p(-30).
-6
Let o(a) = a**3 + 6*a**2 - 17*a - 73. What is o(-7)?
-3
Let t(l) = 186*l**2 + 21018*l - 9. What is t(-113)?
-9
Let w(o) = o**2 - 214*o + 1448. What is w(207)?
-1
Let i(z) = -z**3 - z**2 - 39*z - 27. What is i(0)?
-27
Let x(s) = -101*s**2 + 54*s - 56. What is x(1)?
-103
Let d(x) = -x**3 + x**2 - x - 205. Calculate d(0).
-205
Let s(f) = 1077*f - 31247. Determine s(29).
-14
Let x(r) = -5*r**2 + 5*r - 3. What is x(3)?
-33
Let y(p) = -p**3 - 3*p**2 - 15*p - 56. Calculate y(-5).
69
Let m(x) = 55*x - 2524. Give m(46).
6
Let c(k) = -k**2 - 778*k - 39767. Calculate c(-55).
-2
Let z(p) = -978*p**2 - 48*p + 5. Calculate z(-1).
-925
Let j(t) = 735*t + 13999. Give j(-19).
34
Let t(d) = -2*d**3 - 53*d**2 + 401*d + 11106. Determine t(-26).
4
Let j(r) = r**2 - 37*r + 344. Determine j(19).
2
Let n(y) = -y**3 + 35*y**2 + 78*y - 234. Give n(37).
-86
Let a(f) = 5*f**2 - 30*f + 53. What is a(8)?
133
Let q(t) = t**2 + 5*t - 752. Give q(-30).
-2
Let z(i) = i**3 + i**2 - 22*i - 28. Determine z(-5).
-18
Let l(t) = 251*t - 1248. Determine l(5).
7
Let m(x) = -14*x + 57. Give m(-2).
85
Let h(x) = -81*x - 9. What is h(-2)?
153
Let n(k) = 77*k**2 - 3*k + 3. Give n(1).
77
Let t(u) = -574*u**3 + 7*u**2 + 6*u. Give t(-1).
575
Let a(h) = -11*h**2 + 4*h + 6. Calculate a(-1).
-9
Let x(k) = k**2 - 781*k + 87216. Determine x(135).
6
Let m(f) = 577*f + 15571. What is m(-27)?
-8
Let o(n) = -n**2 + 28*n - 50. Calculate o(27).
-23
Let x(r) = -4*r**3 - 38*r + 167. What is x(4)?
-241
Let s(h) = -12*h - 147. What is s(-10)?
-27
Let y(f) = -57*f + 2442. What is y(43)?
-9
Let i(s) = s - 31. Calculate i(-6).
-37
Let g(u) = -2*u**2 + 9*u + 123. Calculate g(-12).
-273
Let r(f) = 2*f**3 - 96*f**2 + 91*f + 211. Determine r(47).
70
Let b(v) = -4*v**3 - 85*v**2 - 34*v - 17. Give b(-21).
256
Let r(y) = -119*y + 54. Give r(3).
-303
Let r(a) = a**3 - 21*a**2 - 2*a + 46. Determine r(21).
4
Let w(u) = u**3 - 9*u**2 + 44*u - 99. Give w(4).
-3
Let r(j) = j**2 - 3*j - 6. What is r(4)?
-2
Let d(m) = 22*m**2 + 6*m + 3. What is d(3)?
219
Let d(t) = t**3 - 15*t**2 + 156*t - 2753. Calculate d(16).
-1
Let n(a) = 15*a**3 + a**2 - 38*a - 131. What is n(-3)?
-413
Let t(d) = -33*d + 353. Give t(10).
23
Let p(r) = -446*r + 418. Give p(2).
-474
Let k(w) = 2*w**2 - 43*w - 60. Give k(24).
60
Let c(o) = 3*o**3 - o**2 + 33*o - 75. Determine c(2).
11
Let i(a) = 77*a + 2990. Calculate i(-39).
-13
Let s(j) = -31*j - 428. Calculate s(-19).
161
Let p(z) = -11*z + 187. Calculate p(18).
-11
Let x(r) = -15*r**2 - 129*r - 226. What is x(-6)?
8
Let r(o) = -o**3 - 27*o**2 - 40*o + 223. What is r(-25)?
-27
Let t(v) = -6*v**3 - 80*v**2 - 25*v + 5. What is t(-13)?
-8
Let g(w) = -5*w**2 + 126*w + 1121. Determine g(-8).
-207
Let u(r) = r**3 - 31*r**2 + 37*r - 246. Calculate u(30).
-36
Let r(x) = x**3 + 26*x**2 - 53*x + 162. Calculate r(-28).
78
Let c(x) = -19*x + 676. Calculate c(38).
-46
Let g(l) = -51*l**2 - 354*l - 346. Determine g(-6).
-58
Let i(p) = p**3 + 50*p**2 - 299*p - 1313. Calculate i(-55).
7
Let k(b) = 48*b - 1337. Give k(27).
-41
Let j(x) = -16663*x - 116645. Calculate j(-7).
-4
Let t(z) = z**3 - 23*z**2 - 38*z - 14. Give t(25).
286
Let f(b) = 137*b + 4238. Give f(-31).
-9
Let j(z) = 210*z - 78. What is j(3)?
552
Let z(o) = -46*o**2 + 138*o + 456. Determine z(5).
-4
Let r(w) = 35*w + 478. Give r(-7).
233
Let q(r) = 14*r**3 - 2*r**2 + 4*r - 6. Give q(1).
10
Let n(g) = -g**2 + 37*g - 338. Determine n(21).
-2
Let g(v) = v**3 + 46*v**2 - 89*v + 294. Determine g(-48).
-42
Let h(g) = -g**2 + 174*g + 1627. Determine h(183).
-20
Let h(y) = -300*y - 3009. Calculate h(-10).
-9
Let s(r) = 363*r + 4739. Calculate s(-13).
20
Let a(y) = -y**3 - 13*y**2 - 14*y - 16. Give a(-12).
8
Let x(o) = -326*o**2 + 22*o - 22. Calculate x(1).
-326
Let t(g) = -628*g**3 + g**2 - 7*g - 8. What is t(-1)?
628
Let n(j) = j**3 - 3*j**2 - 6*j + 32. What is n(-6)?
-256
Let q(y) = -y**2 + 49*y - 108. Determine q